is the tens digit of c(-18)?
9
Suppose -2*s - 2 = 0, -7*o = -6*o + 4*s - 1217. Let j = o - 271. What is the tens digit of j?
5
Let n = -1439 + 2601. Suppose y - 3*i - n = 0, 0 = -5*y - 0*y + 3*i + 5762. What is the tens digit of y?
5
Suppose -q = -4*f - 8, -q + 2*f + 4 = -5*q. Let t be 3*(q - 2)*-2. Suppose t*s - s = 484. What is the units digit of s?
4
Let g(u) = -2*u**3 + 2*u**2 + 14*u - 35. Let t(d) = 3*d**3 - 2*d**2 - 20*d + 53. Let q(h) = 7*g(h) + 5*t(h). What is the units digit of q(10)?
0
Suppose -3*h - 6568 = -2*k, 7*h = 2*h. Suppose -3*o + 88 + k = 0. What is the tens digit of o?
2
Let v = -665 - -2974. Let l = v - 1357. What is the tens digit of l?
5
Let o be 0/(-6) + 30/3. Suppose o = -2*l + 84. What is the tens digit of l?
3
Let h(p) = -19*p**2 - 969*p - 82. What is the units digit of h(-38)?
4
Let q(k) = 3*k. Let n be q(1). Suppose -b + 21 = -j + 4, 51 = n*b - 5*j. Let c = b - -49. What is the tens digit of c?
6
Let g = -48977 + 119382. What is the ten thousands digit of g?
7
Suppose 14 = -4*d - 3*j - 15, 2*j + 16 = -2*d. Let r(w) = 4 - 33*w + 11*w + 3. What is the tens digit of r(d)?
1
Suppose 0 = 2*d + 3*k - 2281, 0 = 7*d - 8*d + 5*k + 1147. Let q = d + -205. What is the units digit of q?
7
Let b(x) = 2*x + 4*x**2 - 6*x - 4*x + 7*x - 4. Let h be b(-3). Suppose 5*a - 196 = -d, a - 5*d = -d + h. What is the units digit of a?
9
Let u(w) = 519*w**2 - 192*w + 385. What is the tens digit of u(2)?
7
Suppose -n = 2*p + 6, -14 + 2 = -3*n + 4*p. Suppose -y - 4*l - 63 = n, 4*l - 139 = 3*y + 82. Let s = y - -149. What is the tens digit of s?
7
Suppose -124*d + 108*d = 544. Let o(q) = 3*q**2 + 98*q + 79. What is the units digit of o(d)?
5
Let v = -40628 - -54448. What is the tens digit of v?
2
Let z(y) = -y**3 - 17*y**2 + 111*y + 130. What is the units digit of z(-24)?
8
Let t(u) = 7*u - 1. Let a be t(-1). Let q be 10873/25 - (-18)/225. What is the units digit of (a/(-6))/(10/q)?
8
Let k = -129936 - -190954. What is the ten thousands digit of k?
6
Suppose -20 = 4*i + 3*u + 26, 0 = 4*i - u + 54. What is the units digit of (-10)/(-130) + (-1455)/i?
2
Let y(r) = r**3 + 5*r**2 + 2*r + 3. Let l be y(-2). Suppose -o + 2*v = -3, -14*o - 12 = -18*o + 3*v. Suppose 193 + l = o*t. What is the tens digit of t?
6
Suppose 1904 = -f - 3*c + 7144, -f + 5*c + 5216 = 0. What is the thousands digit of f?
5
Suppose 0 = 3*g + 2*g + 40. Let n = 13 + g. Suppose -b + 132 = f + 34, 0 = -n*f - 2*b + 484. What is the units digit of f?
6
Suppose 35967 = -3603*m + 3622*m. What is the units digit of m?
3
Suppose 86*d = -31*d + 870129. What is the thousands digit of d?
7
Suppose -2*g + 3*x - 8*x = -3690, -5*x = 10. Suppose -5*t + 3912 = -f - g, -f + 3462 = 3*t. What is the thousands digit of t?
1
Suppose 0 = -0*p - 4*p + 168. Let y = p - 36. Suppose 2*z - 190 = -4*m, 2*z = 4*z + y. What is the tens digit of m?
4
Let o(x) = 18*x - 12. Let q(v) = 0 + v + 0*v + 0*v - 1. Let l(a) = -2*o(a) + 28*q(a). What is the units digit of l(-11)?
4
Let q(s) be the second derivative of s**5/20 + 9*s**4/4 + 19*s**3/6 + 2*s**2 - 11*s. Let v be 676/65*2/((-4)/5). What is the units digit of q(v)?
6
Let r = -128 - -129. Let p(l) = 46*l**2 - 2*l. What is the units digit of p(r)?
4
Let p(q) = -2*q**2 - q - 14. Let v be p(0). Let a = v - -18. Suppose a*g = -2*o + 166 + 22, 106 = 2*g - 5*o. What is the units digit of g?
8
Let w(q) = 476*q**2 + 74*q + 223. What is the units digit of w(-3)?
5
Let y be 3 - 11/(22/52). Let x(z) = z**2 + 16*z - 101. What is the units digit of x(y)?
0
Let o(u) = -808*u + 35412. What is the tens digit of o(0)?
1
Let o = 29 + 227. Suppose 0 = -2*v + 10, -5*u - 4*v + 494 = -o. What is the tens digit of u?
4
Let i = 8203 + -4489. What is the thousands digit of i?
3
Suppose 0 = -l - 2*m + m - 12, 4*l = 5*m - 21. Let h be l/(-21) - (-290)/(-7). Let w = 102 + h. What is the units digit of w?
1
Let m = -34 - -43. Suppose -h = -38 - m. Suppose l - 3*x - h = -4*x, -5*x = -l + 29. What is the units digit of l?
4
Suppose -3*f = -1073 + 1088, 4*f + 1912 = l. What is the units digit of l?
2
Suppose -132*x + 4869088 = -5672. What is the tens digit of x?
3
Let s(y) = y - 81. Let w be s(-29). What is the tens digit of (9/5 + -3)*w*1?
3
Let i(a) = 4458*a + 153. What is the units digit of i(2)?
9
Let l(i) = 2*i**3 - 11*i**2 - 21*i - 3. Let q be l(9). Let k = q - 165. Suppose -3*b - k = -2*s + s, -b - 598 = -3*s. What is the hundreds digit of s?
1
Let c(k) = 113*k**2 + 19*k + 42. Let y be c(-10). Suppose -184*x + 192*x = y. What is the hundreds digit of x?
3
Let t(j) = 35*j + 49. Let q be t(-3). Let d = q - -92. What is the tens digit of d?
3
Suppose -2*b + 6*b = -2*f + 5194, 3*f - 1281 = -b. What is the units digit of b?
2
Let l be (-8)/(-24) - 110/(-3). Suppose -2*r - l = 123. Let a = r + 127. What is the units digit of a?
7
Let u = -5876 - -16467. What is the ten thousands digit of u?
1
Suppose 1508 = 10*a - 1402. Suppose -5*h + 24 = -a. What is the units digit of h?
3
Suppose -7*q = -m - 8*q + 265, 5*q = -4*m + 1057. Suppose 18*u = 596 + m. What is the tens digit of u?
4
Let y = 3 + -5. Let d(g) be the first derivative of 2*g**3/3 + g - 80. What is the units digit of d(y)?
9
Let y = 23953 + 4231. What is the thousands digit of y?
8
Suppose c + 0*u = 4*u + 11, -4*c + 2 = 5*u. Suppose 194 = c*w + 44. Suppose -w = 3*r - 794. What is the units digit of r?
8
Let q = 8780 + 21330. What is the ten thousands digit of q?
3
Let k(c) be the third derivative of c**5/12 - c**4/2 - 7*c**3/2 - c**2 - 24. What is the tens digit of k(6)?
8
Let y = 8021 - 7686. Let a(o) = -o**3 - 8*o**2 + 4*o + 5. Let c be a(-5). Let v = c + y. What is the hundreds digit of v?
2
Let u(v) = -v**3 + 3*v**2 + 13*v - 10. Let h be u(5). Suppose -139 - 921 = h*l. Let p = -83 - l. What is the hundreds digit of p?
1
Suppose -f - 7*f + 24 = 0. Suppose m + 5*x - 71 = 3*m, -f*x = -3*m - 129. Let c = 72 - m. What is the units digit of c?
0
Suppose 1360727 = 65*d + 450272. What is the units digit of d?
7
Suppose 4*b + 4608 = -8*b. Let q = b - -652. What is the tens digit of q?
6
Let y = -81 - -105. What is the tens digit of 16288/y + 1/3?
7
Suppose -3*c = 5*q - 13232, 26*c = 28*c - q - 8830. What is the units digit of c?
4
Suppose -4*g = -2*t - 2282, 4*t + 2*g = g - 4600. Let j = 1643 + t. What is the hundreds digit of j?
4
Let r(b) be the third derivative of -b**5/60 - b**4/24 + 127*b**3/6 - 35*b**2. What is the units digit of r(-9)?
5
Suppose r + h = 255, -6*h = -2*r - 9*h + 506. What is the hundreds digit of r?
2
What is the units digit of ((-211209)/5)/(-3) - (247/95 - 3)?
1
Suppose 20*c - 22*c + 2562 = 0. What is the units digit of 20/35*c/6?
2
Suppose -156100 = 701*u - 721*u. What is the tens digit of u?
0
Let n(o) = -o**2 + o + 8. Let m be n(0). Suppose 0*b - 96 = m*b. What is the tens digit of (-2)/b - 10467/(-54)?
9
Suppose -r = -19*r + 46008. Suppose -2*y = -2*b + r, -5*b + y = 4*y - 6382. What is the thousands digit of b?
1
Suppose 0 = 47*v - 5*v - 210. Suppose v*u - 9680 = -15*u. What is the hundreds digit of u?
4
Let y = -307 + 315. What is the tens digit of (-1700)/40*(-10)/4*y?
5
What is the units digit of (0 + 9596 + -22)*1?
4
Let k(b) = -b**3 - 4*b**2 + 9*b - 14. Let d be k(-6). Suppose y + d*y = -i + 36, -4*i + 39 = -y. Suppose -4*z + i + 1 = 0. What is the units digit of z?
3
Let v(s) = 995*s**2 - 209*s - 21. What is the units digit of v(-4)?
5
Let l(y) = 4776*y**2 + 1376*y - 4117. What is the tens digit of l(3)?
9
What is the hundreds digit of 25249 - ((-510)/17 + 16)?
2
Let b(j) be the third derivative of -j**6/120 - j**4/8 - 3*j**3/2 + j**2 - 14*j. What is the tens digit of b(-3)?
2
Let n(l) be the second derivative of l**4/6 + 11*l**3/6 - 9*l**2/2 - 62*l. What is the tens digit of n(11)?
5
Let v(n) = 276*n - 57 + 344 - 285*n + n**2. What is the tens digit of v(27)?
7
What is the hundreds digit of ((-48786)/12)/(3/9*36/(-24))?
1
Suppose 2*v + 4*o = 14012, -2*v = -10*o + 12*o - 14022. What is the units digit of v?
6
Suppose 0 = -5*v - 9 - 11. Let q(n) = n**3 - 9*n**2 + 6*n + 15. Let h be q(8). What is the hundreds digit of h/v + (-1995)/(-20)?
1
Suppose -169772*u = -169754*u - 315270. What is the tens digit of u?
1
Suppose 6 = 6*n - 4*n. Suppose -275 = -2*z + q, 3*z - z + n*q = 271. Let w = z - 92. What is 